{"id":579,"date":"2011-12-02T10:09:07","date_gmt":"2011-12-02T10:09:07","guid":{"rendered":"http:\/\/wp10652880.wp159.webpack.hosteurope.de\/?page_id=579"},"modified":"2022-09-21T10:09:23","modified_gmt":"2022-09-21T10:09:23","slug":"qualitatsmanagement","status":"publish","type":"page","link":"http:\/\/eks-bergheim.de\/?page_id=579","title":{"rendered":"Qualit\u00e4tsmanagement"},"content":{"rendered":"<p>Das <strong><em>Qualit\u00e4tsmanagement<\/em><\/strong> soll Bildungsstandards sichern, hinterfragen und optimieren. Vor allem in den F\u00e4chern mit externer Evaluation k\u00f6nnen so die erzielten Ergebnisse in einem objektivierbaren Vergleich gesehen werden und als Grundlage zur Arbeit in den jeweiligen Fachkonferenzen dienen.<\/p>\n<p>An unserer Schule gibt es eine <strong>Qualit\u00e4tsbeauftragte<\/strong>, die die Fachkonferenzen f\u00fcr Deutsch, Mathematik und Englisch ber\u00e4t. Diese Konferenzen finden regelm\u00e4\u00dfig statt, mindestens viermal im Schuljahr.<\/p>\n<p>In diesen Konferenzen werden schwerpunktm\u00e4\u00dfig einmal im Jahr die schuleigenen Stoffpl\u00e4ne evaluiert, die Vergleichsarbeiten konzipiert und ausgewertet. Diese Stoffpl\u00e4ne sind verbindlich einzuhalten. Auf der Grundlage der neuen kompetenzorientierten Kernlehrpl\u00e4ne in Deutsch, Mathematik, Englisch, Naturwissenschaften und Gesellschaftslehre werden unsere schuleigenen Lehrpl\u00e4ne in diesem Jahr komplett \u00fcberarbeitet, was eine Schwerpunktaufgabe der Fachschaften darstellt.<\/p>\n<p>J\u00e4hrlich werden in den Stufen 5 bis 9 <strong>Vergleichsarbeiten<\/strong> in den F\u00e4chern Deutsch, Englisch und Mathematik geschrieben. Diese sollen vor allem die Parallelarbeit in den Stufen anbahnen und schulinterne Leistungsstandards sichern.<\/p>\n<p>Jede dieser Arbeiten hat einen <strong>Wiederholungsanteil<\/strong>, der als Kontrolle \u00fcber eingerichtete F\u00f6rderma\u00dfnahmen dienen und Wissen vertiefen soll. Des Weiteren haben sich die Fachkonferenzen darauf geeinigt, dass die Kompetenz <strong><em>Leseverstehen<\/em><\/strong> ein Schwerpunkt einer jeden schriftlichen Arbeit sein soll. Die Vergleichsarbeiten werden evaluiert. Die Evaluationsergebnisse flie\u00dfen bei der entsprechenden Konzeption der Vergleichsarbeit f\u00fcr das folgende Schuljahr mit ein.<\/p>\n<p>Dar\u00fcber hinaus wurde die M\u00f6glichkeit einger\u00e4umt schriftliche Arbeiten durch <strong>m\u00fcndliche Pr\u00fcfungen<\/strong> zu ersetzen.<\/p>\n<p>Eine weitere Aufgabe der <strong>Qualit\u00e4tsbeauftragten <\/strong>ist es die Ergebnisse der externen Evaluation durch <strong>Lernstand 8<\/strong> und <strong>ZP 10<\/strong> in einer Gesamtkonferenz vorzustellen. Dort wird das jeweilige Abschneiden sowohl im internen Schulbereich durch Vergleich der einzelnen Klassen als auch das Gesamtabschneiden im Landesvergleich der Schulform, bzw. bei Lernstand 8 auch noch im Standorttypvergleich, vorgestellt und diskutiert.<\/p>\n<p>Ein weiterer Aspekt zur Qualit\u00e4tssteigerung ist die Einrichtung von <strong>leistungsorientierten E-Kursen<\/strong> in den F\u00e4chern Englisch und Mathematik in den Stufen 7 bis 9. Es wechselnausnahmslos nur Sch\u00fcler aus dem Grundkurs in den Erweiterungskurs, die auf dem Zeugnis mindestens ein <em>gut<\/em> haben. Sch\u00fcler, die im Erweiterungskurs ein <em>mangelhaft<\/em> auf dem Zeugnis bekommen, m\u00fcssen im folgenden Jahresabschnitt den Grundkurs besuchen.<\/p>\n<p>Der Qualit\u00e4tssteigerung dient auch ist die Einrichtung der <strong>9a<\/strong> als Vorklasse zur 10B. Dies bedeutet, dass am Ende des 8. Schuljahres die Sch\u00fcler mit den notentechnischen Voraussetzungen f\u00fcr einen voraussichtlichen 10B-Besuch, aber auch die Sch\u00fcler mit dem entsprechenden Potential dazu, eine entsprechende \u201eSonderklasse\u201c bilden, um dort mit erh\u00f6hten Anforderungen auf eine leistungsstarke 10B vorbereitet zu werden. Sch\u00fclern der Parallelklassen ist der Weg in die 10B dadurch <span style=\"text-decoration: underline;\">nicht<\/span> versperrt. Im Schuljahr 2010 \/ 2011 haben wir mit dem Projekt begonnen und bisher positive Ergebnisse erzielt.<\/p>\n<p>Unser <strong>Medienkonzept<\/strong> sieht das Erlernen von PC-Grundlagen vor. So ist ab Klasse 7 im Stundenplan ein <strong>Computerkurs<\/strong> verbindlich f\u00fcr alle Sch\u00fcler eingerichtet. In der Stufe 7 werden die Grundlagen gelegt, wie Umgang mit der Tastatur, Maus etc. und vor allem Richtlinien f\u00fcr die Nutzung des Internets vermittelt. In der Stufe 8 werden im ersten Halbjahr Kenntnisse zu <em>Microsoft Word<\/em> und im zweiten Halbjahr zu <em>Microsoft Power Point<\/em> erworben. Im neunten und zehnten Schuljahr ist der Unterricht mit dem Computer in den regul\u00e4ren Unterricht eingebettet mit der Ma\u00dfgabe, dass jeder Sch\u00fcler sp\u00e4testens im ersten Halbjahr des zehnten Schuljahres eine selbst angefertigte Bewerbung vom Bewerbungsanschreiben bis zum Lebenslauf als Datei besitzt. Des Weiteren sollen die Sch\u00fcler fit sein \u00fcber Internetrecherche Ausbildungsstellen ausfindig zu machen.<\/p>\n<p>\u00dcberall im gesellschaftlichen Leben werden besondere Leistungen \u00f6ffentlich gemacht und diejenigen, die sie vollbracht haben, werden herausgestellt und geehrt. F\u00fcr unsere Schule ist dies ebenfalls ein Anlass \u00e4hnlich zu verfahren und zweimal im Jahr hervorragende Sch\u00fclerleistungen \u00f6ffentlich zu w\u00fcrdigen. So findet am Vormittag einer jeden Zeugnisausgabe die <strong>Belobigung<\/strong> statt. Zu dieser Belobigung kommt die ganze Jahrgangsstufe zusammen, sie findet in einem feierlichen Rahmen statt. Dort werden von der Schulleitung die Sch\u00fcler mit dem <strong>besten Zeugnis<\/strong> einer jeden Klasse mit einer Urkunde geehrt. Au\u00dferdem erh\u00e4lt der Sch\u00fcler aus jeder Klasse eine Urkunde, der den <strong>gr\u00f6\u00dften Lernfortschritt <\/strong>erzielt hat. Dieser Lernfortschritt wird durch den Vergleich der Notendurchschnitte des letzten zum aktuellen Zeugnis ermittelt. Bei der Belobigung zum Schuljahresende werden zus\u00e4tzlich noch die Urkunden f\u00fcr besondere Sch\u00fclerleistungen \u00fcberreicht.<\/p>\n<p>Eine weitere Gew\u00e4hrleistung f\u00fcr Qualit\u00e4t ist die Notentransparenz bei den Sch\u00fclern. Unsere Schule f\u00fchrt seit dem Schuljahr 2004 \/ 2005 in der Vorwoche zum Elternsprechtag eine <strong>Informationswoche<\/strong> durch. In dieser Woche bekommen die Sch\u00fcler einen entsprechenden Laufzettel und haben die M\u00f6glichkeit sich die Noten in allen F\u00e4chern von den Fachlehrern eintragen zu lassen; dar\u00fcber hinaus gibt der Klassenlehrer eine Einsch\u00e4tzung zum Arbeits- und Sozialverhalten des Sch\u00fclers. Am Ende dieser Woche haben die Sch\u00fcler dann einen kompletten \u00dcberblick \u00fcber ihren aktuellen Leistungsstand in jedem Fach. Da in der Folgewoche immer der Elternsprechtag stattfindet, k\u00f6nnen Eltern und Sch\u00fcler aufgrund des Laufzettels gezielt Kollegen aufsuchen. Die Beratung kann zielgerichtet angelegt und entsprechende Vereinbarungen getroffen werden.<\/p>\n<p>Ein anderer Aspekt der des Qualit\u00e4tsmanagements ist, dass verbindlich <strong>Aussagen zum Arbeits- und Sozialverhalten auf dem Zeugnis<\/strong> vorgenommen werden. Nach einstimmiger Meinung unseres Kollegiums gibt es einen klaren Zusammenhang zwischen Leistung und dem Arbeits- und Sozialverhalten. Aus diesem Grund hat die Schulkonferenz im Schuljahr 2010 \/ 2011 beschlossen, diese auf dem Zeugnis zu vermerken. So werden auf dem Zeugnis zu den Bereichen <em>Zuverl\u00e4ssigkeit und Ordnung<\/em>, <em>Leistungsbereitschaft <\/em>und <em>Sozialverhalten<\/em> Bemerkungen zu jedem Sch\u00fcler in Form von <em>entspricht den Anforderungen in besonderen Ma\u00dfe<\/em>, <em>entspricht den Anforderungen<\/em> oder <em>entspricht den Anforderungen nicht<\/em> get\u00e4tigt.<\/p>\n","protected":false},"excerpt":{"rendered":"<p>Das Qualit\u00e4tsmanagement soll Bildungsstandards sichern, hinterfragen und optimieren. Vor allem in den F\u00e4chern mit externer Evaluation k\u00f6nnen so die erzielten Ergebnisse in einem objektivierbaren Vergleich gesehen werden und als Grundlage zur Arbeit in den jeweiligen Fachkonferenzen dienen. An unserer Schule gibt es eine Qualit\u00e4tsbeauftragte, die die Fachkonferenzen f\u00fcr Deutsch, Mathematik und Englisch ber\u00e4t. Diese Konferenzen &hellip; <\/p>\n<p><a class=\"more-link btn\" href=\"http:\/\/eks-bergheim.de\/?page_id=579\">Weiterlesen<\/a><\/p>\n","protected":false},"author":1,"featured_media":0,"parent":53,"menu_order":3,"comment_status":"open","ping_status":"open","template":"template-onecolumn.php","meta":{"footnotes":""},"class_list":["post-579","page","type-page","status-publish","hentry","nodate","item-wrap"],"yoast_head":"<!-- This site is optimized with the Yoast SEO plugin v26.6 - https:\/\/yoast.com\/wordpress\/plugins\/seo\/ -->\n<title>Qualit\u00e4tsmanagement - Erich K\u00e4stner Schule Bergheim<\/title>\n<meta name=\"robots\" content=\"index, follow, max-snippet:-1, max-image-preview:large, max-video-preview:-1\" \/>\n<link rel=\"canonical\" href=\"http:\/\/eks-bergheim.de\/?page_id=579\" \/>\n<meta property=\"og:locale\" content=\"de_DE\" \/>\n<meta property=\"og:type\" content=\"article\" \/>\n<meta property=\"og:title\" content=\"Qualit\u00e4tsmanagement - Erich K\u00e4stner Schule Bergheim\" \/>\n<meta property=\"og:description\" content=\"Das Qualit\u00e4tsmanagement soll Bildungsstandards sichern, hinterfragen und optimieren. Vor allem in den F\u00e4chern mit externer Evaluation k\u00f6nnen so die erzielten Ergebnisse in einem objektivierbaren Vergleich gesehen werden und als Grundlage zur Arbeit in den jeweiligen Fachkonferenzen dienen. An unserer Schule gibt es eine Qualit\u00e4tsbeauftragte, die die Fachkonferenzen f\u00fcr Deutsch, Mathematik und Englisch ber\u00e4t. Diese Konferenzen &hellip; Weiterlesen\" \/>\n<meta property=\"og:url\" content=\"http:\/\/eks-bergheim.de\/?page_id=579\" \/>\n<meta property=\"og:site_name\" content=\"Erich K\u00e4stner Schule Bergheim\" \/>\n<meta property=\"article:modified_time\" content=\"2022-09-21T10:09:23+00:00\" \/>\n<meta name=\"twitter:card\" content=\"summary_large_image\" \/>\n<meta name=\"twitter:label1\" content=\"Gesch\u00e4tzte Lesezeit\" \/>\n\t<meta name=\"twitter:data1\" content=\"5\u00a0Minuten\" \/>\n<script type=\"application\/ld+json\" class=\"yoast-schema-graph\">{\"@context\":\"https:\/\/schema.org\",\"@graph\":[{\"@type\":\"WebPage\",\"@id\":\"http:\/\/eks-bergheim.de\/?page_id=579\",\"url\":\"http:\/\/eks-bergheim.de\/?page_id=579\",\"name\":\"Qualit\u00e4tsmanagement - Erich K\u00e4stner Schule Bergheim\",\"isPartOf\":{\"@id\":\"http:\/\/eks-bergheim.de\/#website\"},\"datePublished\":\"2011-12-02T10:09:07+00:00\",\"dateModified\":\"2022-09-21T10:09:23+00:00\",\"breadcrumb\":{\"@id\":\"http:\/\/eks-bergheim.de\/?page_id=579#breadcrumb\"},\"inLanguage\":\"de\",\"potentialAction\":[{\"@type\":\"ReadAction\",\"target\":[\"http:\/\/eks-bergheim.de\/?page_id=579\"]}]},{\"@type\":\"BreadcrumbList\",\"@id\":\"http:\/\/eks-bergheim.de\/?page_id=579#breadcrumb\",\"itemListElement\":[{\"@type\":\"ListItem\",\"position\":1,\"name\":\"Startseite\",\"item\":\"http:\/\/eks-bergheim.de\/\"},{\"@type\":\"ListItem\",\"position\":2,\"name\":\"Schule mit Programm\",\"item\":\"http:\/\/eks-bergheim.de\/?page_id=53\"},{\"@type\":\"ListItem\",\"position\":3,\"name\":\"Qualit\u00e4tsmanagement\"}]},{\"@type\":\"WebSite\",\"@id\":\"http:\/\/eks-bergheim.de\/#website\",\"url\":\"http:\/\/eks-bergheim.de\/\",\"name\":\"Erich K\u00e4stner Schule Bergheim\",\"description\":\"\",\"potentialAction\":[{\"@type\":\"SearchAction\",\"target\":{\"@type\":\"EntryPoint\",\"urlTemplate\":\"http:\/\/eks-bergheim.de\/?s={search_term_string}\"},\"query-input\":{\"@type\":\"PropertyValueSpecification\",\"valueRequired\":true,\"valueName\":\"search_term_string\"}}],\"inLanguage\":\"de\"}]}<\/script>\n<!-- \/ Yoast SEO plugin. -->","yoast_head_json":{"title":"Qualit\u00e4tsmanagement - Erich K\u00e4stner Schule Bergheim","robots":{"index":"index","follow":"follow","max-snippet":"max-snippet:-1","max-image-preview":"max-image-preview:large","max-video-preview":"max-video-preview:-1"},"canonical":"http:\/\/eks-bergheim.de\/?page_id=579","og_locale":"de_DE","og_type":"article","og_title":"Qualit\u00e4tsmanagement - Erich K\u00e4stner Schule Bergheim","og_description":"Das Qualit\u00e4tsmanagement soll Bildungsstandards sichern, hinterfragen und optimieren. Vor allem in den F\u00e4chern mit externer Evaluation k\u00f6nnen so die erzielten Ergebnisse in einem objektivierbaren Vergleich gesehen werden und als Grundlage zur Arbeit in den jeweiligen Fachkonferenzen dienen. An unserer Schule gibt es eine Qualit\u00e4tsbeauftragte, die die Fachkonferenzen f\u00fcr Deutsch, Mathematik und Englisch ber\u00e4t. Diese Konferenzen &hellip; Weiterlesen","og_url":"http:\/\/eks-bergheim.de\/?page_id=579","og_site_name":"Erich K\u00e4stner Schule Bergheim","article_modified_time":"2022-09-21T10:09:23+00:00","twitter_card":"summary_large_image","twitter_misc":{"Gesch\u00e4tzte Lesezeit":"5\u00a0Minuten"},"schema":{"@context":"https:\/\/schema.org","@graph":[{"@type":"WebPage","@id":"http:\/\/eks-bergheim.de\/?page_id=579","url":"http:\/\/eks-bergheim.de\/?page_id=579","name":"Qualit\u00e4tsmanagement - Erich K\u00e4stner Schule Bergheim","isPartOf":{"@id":"http:\/\/eks-bergheim.de\/#website"},"datePublished":"2011-12-02T10:09:07+00:00","dateModified":"2022-09-21T10:09:23+00:00","breadcrumb":{"@id":"http:\/\/eks-bergheim.de\/?page_id=579#breadcrumb"},"inLanguage":"de","potentialAction":[{"@type":"ReadAction","target":["http:\/\/eks-bergheim.de\/?page_id=579"]}]},{"@type":"BreadcrumbList","@id":"http:\/\/eks-bergheim.de\/?page_id=579#breadcrumb","itemListElement":[{"@type":"ListItem","position":1,"name":"Startseite","item":"http:\/\/eks-bergheim.de\/"},{"@type":"ListItem","position":2,"name":"Schule mit Programm","item":"http:\/\/eks-bergheim.de\/?page_id=53"},{"@type":"ListItem","position":3,"name":"Qualit\u00e4tsmanagement"}]},{"@type":"WebSite","@id":"http:\/\/eks-bergheim.de\/#website","url":"http:\/\/eks-bergheim.de\/","name":"Erich K\u00e4stner Schule Bergheim","description":"","potentialAction":[{"@type":"SearchAction","target":{"@type":"EntryPoint","urlTemplate":"http:\/\/eks-bergheim.de\/?s={search_term_string}"},"query-input":{"@type":"PropertyValueSpecification","valueRequired":true,"valueName":"search_term_string"}}],"inLanguage":"de"}]}},"_links":{"self":[{"href":"http:\/\/eks-bergheim.de\/index.php?rest_route=\/wp\/v2\/pages\/579","targetHints":{"allow":["GET"]}}],"collection":[{"href":"http:\/\/eks-bergheim.de\/index.php?rest_route=\/wp\/v2\/pages"}],"about":[{"href":"http:\/\/eks-bergheim.de\/index.php?rest_route=\/wp\/v2\/types\/page"}],"author":[{"embeddable":true,"href":"http:\/\/eks-bergheim.de\/index.php?rest_route=\/wp\/v2\/users\/1"}],"replies":[{"embeddable":true,"href":"http:\/\/eks-bergheim.de\/index.php?rest_route=%2Fwp%2Fv2%2Fcomments&post=579"}],"version-history":[{"count":7,"href":"http:\/\/eks-bergheim.de\/index.php?rest_route=\/wp\/v2\/pages\/579\/revisions"}],"predecessor-version":[{"id":8801,"href":"http:\/\/eks-bergheim.de\/index.php?rest_route=\/wp\/v2\/pages\/579\/revisions\/8801"}],"up":[{"embeddable":true,"href":"http:\/\/eks-bergheim.de\/index.php?rest_route=\/wp\/v2\/pages\/53"}],"wp:attachment":[{"href":"http:\/\/eks-bergheim.de\/index.php?rest_route=%2Fwp%2Fv2%2Fmedia&parent=579"}],"curies":[{"name":"wp","href":"https:\/\/api.w.org\/{rel}","templated":true}]}}