{"id":594,"date":"2011-12-02T10:41:23","date_gmt":"2011-12-02T10:41:23","guid":{"rendered":"http:\/\/wp10652880.wp159.webpack.hosteurope.de\/?page_id=594"},"modified":"2012-11-23T09:37:42","modified_gmt":"2012-11-23T09:37:42","slug":"unterricht-in-der-eks","status":"publish","type":"page","link":"https:\/\/eks-bergheim.de\/?page_id=594","title":{"rendered":"Unterricht in der EKS"},"content":{"rendered":"<p>Seit dem Schuljahr 2005 \/ 2006 ist die Erich K\u00e4stner-Schule eine erweiterte gebundene Ganztagsschule. Das Schulleben wird damit entsprechend von einem <strong>Ganztag<\/strong> in der Schule bestimmt.<\/p>\n<p>Auch schon vor der Umstellung in eine Ganztagsschule verfolgte unsere Schule das <strong>Zweistufenkonzept<\/strong>. Es ist sinnvoll, die Arbeitsweise der Lehrer alterspezifischen Besonderheiten der Sch\u00fcler anzupassen. Die Unterteilung in zwei Stufen gew\u00e4hrleistet dar\u00fcber hinaus eine kontinuierliche Lehrer-Sch\u00fclerbeziehung, da ein Sch\u00fcler \u00fcber drei Jahre hinweg den gleichen Klassenlehrer hat. Es gibt die Stufen 5\/6\/7 und 8\/9\/10. Jeder Lehrer ordnet sich einer Stufe zu. In den Stufenkonferenzen werden vor allem organisatorische Fragen des laufenden Unterrichtsbetriebes geregelt. Jede Stufe w\u00e4hlt einen Stufensprecher, der alle Belange der jeweiligen Stufe organisiert, koordiniert und die Interessen und Anliegen der Stufe in die Stufensprechersitzung einbringt. Die Stufensprechersitzung ist ein erweitertes Gremium der Schulleitung, an der die Schulleitung, die Stufensprecher und die Beauftragten der vier S\u00e4ulen teilnehmen. Diese finden w\u00f6chentlich statt.<\/p>\n<p>Seit dem Schuljahr 2012 \/ 2013 hat die Schule auf Unterrichtsstunden mit 60 Minuten umgestellt. Die l\u00e4ngeren Unterrichtsstunden sollen vor allem R\u00e4ume f\u00fcr Kooperative Lernformen bieten. Die Unterrichtzeiten sind folgender Tabelle zu entnehmen:<\/p>\n<p><a href=\"http:\/\/wp10652880.wp159.webpack.hosteurope.de\/wp-content\/uploads\/2011\/12\/Bild1.jpg\"><img loading=\"lazy\" decoding=\"async\" class=\"aligncenter size-large wp-image-1423\" title=\"Bild1\" src=\"http:\/\/wp10652880.wp159.webpack.hosteurope.de\/wp-content\/uploads\/2011\/12\/Bild1-1024x601.jpg\" alt=\"\" width=\"590\" height=\"346\" srcset=\"https:\/\/eks-bergheim.de\/wp-content\/uploads\/2011\/12\/Bild1-1024x601.jpg 1024w, https:\/\/eks-bergheim.de\/wp-content\/uploads\/2011\/12\/Bild1-300x176.jpg 300w, https:\/\/eks-bergheim.de\/wp-content\/uploads\/2011\/12\/Bild1.jpg 1504w\" sizes=\"auto, (max-width: 590px) 100vw, 590px\" \/><\/a><\/p>\n<p>&nbsp;<\/p>\n<p>Die ver\u00e4nderte Stundentafel im 60 Minutenunterrichtstakt ist im Folgenden dargestellt:<\/p>\n<p><a href=\"http:\/\/wp10652880.wp159.webpack.hosteurope.de\/wp-content\/uploads\/2011\/12\/Bild22.jpg\"><img loading=\"lazy\" decoding=\"async\" class=\"aligncenter size-large wp-image-1426\" title=\"Bild2\" src=\"http:\/\/wp10652880.wp159.webpack.hosteurope.de\/wp-content\/uploads\/2011\/12\/Bild22-1024x272.jpg\" alt=\"\" width=\"590\" height=\"156\" srcset=\"https:\/\/eks-bergheim.de\/wp-content\/uploads\/2011\/12\/Bild22-1024x272.jpg 1024w, https:\/\/eks-bergheim.de\/wp-content\/uploads\/2011\/12\/Bild22-300x79.jpg 300w, https:\/\/eks-bergheim.de\/wp-content\/uploads\/2011\/12\/Bild22.jpg 1504w\" sizes=\"auto, (max-width: 590px) 100vw, 590px\" \/><\/a><\/p>\n","protected":false},"excerpt":{"rendered":"<p>Seit dem Schuljahr 2005 \/ 2006 ist die Erich K\u00e4stner-Schule eine erweiterte gebundene Ganztagsschule. Das Schulleben wird damit entsprechend von einem Ganztag in der Schule bestimmt. Auch schon vor der Umstellung in eine Ganztagsschule verfolgte unsere Schule das Zweistufenkonzept. Es ist sinnvoll, die Arbeitsweise der Lehrer alterspezifischen Besonderheiten der Sch\u00fcler anzupassen. Die Unterteilung in zwei &hellip; <\/p>\n<p><a class=\"more-link btn\" href=\"https:\/\/eks-bergheim.de\/?page_id=594\">Weiterlesen<\/a><\/p>\n","protected":false},"author":1,"featured_media":0,"parent":569,"menu_order":2,"comment_status":"open","ping_status":"open","template":"template-onecolumn.php","meta":{"footnotes":""},"class_list":["post-594","page","type-page","status-publish","hentry","nodate","item-wrap"],"yoast_head":"<!-- This site is optimized with the Yoast SEO plugin v26.6 - https:\/\/yoast.com\/wordpress\/plugins\/seo\/ -->\n<title>Unterricht in der EKS - Erich K\u00e4stner Schule Bergheim<\/title>\n<meta name=\"robots\" content=\"index, follow, max-snippet:-1, max-image-preview:large, max-video-preview:-1\" \/>\n<link rel=\"canonical\" href=\"https:\/\/eks-bergheim.de\/?page_id=594\" \/>\n<meta property=\"og:locale\" content=\"de_DE\" \/>\n<meta property=\"og:type\" content=\"article\" \/>\n<meta property=\"og:title\" content=\"Unterricht in der EKS - Erich K\u00e4stner Schule Bergheim\" \/>\n<meta property=\"og:description\" content=\"Seit dem Schuljahr 2005 \/ 2006 ist die Erich K\u00e4stner-Schule eine erweiterte gebundene Ganztagsschule. Das Schulleben wird damit entsprechend von einem Ganztag in der Schule bestimmt. Auch schon vor der Umstellung in eine Ganztagsschule verfolgte unsere Schule das Zweistufenkonzept. Es ist sinnvoll, die Arbeitsweise der Lehrer alterspezifischen Besonderheiten der Sch\u00fcler anzupassen. Die Unterteilung in zwei &hellip; Weiterlesen\" \/>\n<meta property=\"og:url\" content=\"https:\/\/eks-bergheim.de\/?page_id=594\" \/>\n<meta property=\"og:site_name\" content=\"Erich K\u00e4stner Schule Bergheim\" \/>\n<meta property=\"article:modified_time\" content=\"2012-11-23T09:37:42+00:00\" \/>\n<meta property=\"og:image\" content=\"http:\/\/wp10652880.wp159.webpack.hosteurope.de\/wp-content\/uploads\/2011\/12\/Bild1-1024x601.jpg\" \/>\n<meta name=\"twitter:card\" content=\"summary_large_image\" \/>\n<meta name=\"twitter:label1\" content=\"Gesch\u00e4tzte Lesezeit\" \/>\n\t<meta name=\"twitter:data1\" content=\"1\u00a0Minute\" \/>\n<script type=\"application\/ld+json\" class=\"yoast-schema-graph\">{\"@context\":\"https:\/\/schema.org\",\"@graph\":[{\"@type\":\"WebPage\",\"@id\":\"https:\/\/eks-bergheim.de\/?page_id=594\",\"url\":\"https:\/\/eks-bergheim.de\/?page_id=594\",\"name\":\"Unterricht in der EKS - Erich K\u00e4stner Schule Bergheim\",\"isPartOf\":{\"@id\":\"https:\/\/eks-bergheim.de\/#website\"},\"primaryImageOfPage\":{\"@id\":\"https:\/\/eks-bergheim.de\/?page_id=594#primaryimage\"},\"image\":{\"@id\":\"https:\/\/eks-bergheim.de\/?page_id=594#primaryimage\"},\"thumbnailUrl\":\"http:\/\/wp10652880.wp159.webpack.hosteurope.de\/wp-content\/uploads\/2011\/12\/Bild1-1024x601.jpg\",\"datePublished\":\"2011-12-02T10:41:23+00:00\",\"dateModified\":\"2012-11-23T09:37:42+00:00\",\"breadcrumb\":{\"@id\":\"https:\/\/eks-bergheim.de\/?page_id=594#breadcrumb\"},\"inLanguage\":\"de\",\"potentialAction\":[{\"@type\":\"ReadAction\",\"target\":[\"https:\/\/eks-bergheim.de\/?page_id=594\"]}]},{\"@type\":\"ImageObject\",\"inLanguage\":\"de\",\"@id\":\"https:\/\/eks-bergheim.de\/?page_id=594#primaryimage\",\"url\":\"http:\/\/wp10652880.wp159.webpack.hosteurope.de\/wp-content\/uploads\/2011\/12\/Bild1-1024x601.jpg\",\"contentUrl\":\"http:\/\/wp10652880.wp159.webpack.hosteurope.de\/wp-content\/uploads\/2011\/12\/Bild1-1024x601.jpg\"},{\"@type\":\"BreadcrumbList\",\"@id\":\"https:\/\/eks-bergheim.de\/?page_id=594#breadcrumb\",\"itemListElement\":[{\"@type\":\"ListItem\",\"position\":1,\"name\":\"Startseite\",\"item\":\"https:\/\/eks-bergheim.de\/\"},{\"@type\":\"ListItem\",\"position\":2,\"name\":\"Infos und Termine\",\"item\":\"http:\/\/eks-bergheim.de\/?page_id=2\"},{\"@type\":\"ListItem\",\"position\":3,\"name\":\"Infos\",\"item\":\"http:\/\/eks-bergheim.de\/?page_id=569\"},{\"@type\":\"ListItem\",\"position\":4,\"name\":\"Unterricht in der EKS\"}]},{\"@type\":\"WebSite\",\"@id\":\"https:\/\/eks-bergheim.de\/#website\",\"url\":\"https:\/\/eks-bergheim.de\/\",\"name\":\"Erich K\u00e4stner Schule Bergheim\",\"description\":\"\",\"potentialAction\":[{\"@type\":\"SearchAction\",\"target\":{\"@type\":\"EntryPoint\",\"urlTemplate\":\"https:\/\/eks-bergheim.de\/?s={search_term_string}\"},\"query-input\":{\"@type\":\"PropertyValueSpecification\",\"valueRequired\":true,\"valueName\":\"search_term_string\"}}],\"inLanguage\":\"de\"}]}<\/script>\n<!-- \/ Yoast SEO plugin. -->","yoast_head_json":{"title":"Unterricht in der EKS - Erich K\u00e4stner Schule Bergheim","robots":{"index":"index","follow":"follow","max-snippet":"max-snippet:-1","max-image-preview":"max-image-preview:large","max-video-preview":"max-video-preview:-1"},"canonical":"https:\/\/eks-bergheim.de\/?page_id=594","og_locale":"de_DE","og_type":"article","og_title":"Unterricht in der EKS - Erich K\u00e4stner Schule Bergheim","og_description":"Seit dem Schuljahr 2005 \/ 2006 ist die Erich K\u00e4stner-Schule eine erweiterte gebundene Ganztagsschule. Das Schulleben wird damit entsprechend von einem Ganztag in der Schule bestimmt. Auch schon vor der Umstellung in eine Ganztagsschule verfolgte unsere Schule das Zweistufenkonzept. Es ist sinnvoll, die Arbeitsweise der Lehrer alterspezifischen Besonderheiten der Sch\u00fcler anzupassen. Die Unterteilung in zwei &hellip; Weiterlesen","og_url":"https:\/\/eks-bergheim.de\/?page_id=594","og_site_name":"Erich K\u00e4stner Schule Bergheim","article_modified_time":"2012-11-23T09:37:42+00:00","og_image":[{"url":"http:\/\/wp10652880.wp159.webpack.hosteurope.de\/wp-content\/uploads\/2011\/12\/Bild1-1024x601.jpg","type":"","width":"","height":""}],"twitter_card":"summary_large_image","twitter_misc":{"Gesch\u00e4tzte Lesezeit":"1\u00a0Minute"},"schema":{"@context":"https:\/\/schema.org","@graph":[{"@type":"WebPage","@id":"https:\/\/eks-bergheim.de\/?page_id=594","url":"https:\/\/eks-bergheim.de\/?page_id=594","name":"Unterricht in der EKS - Erich K\u00e4stner Schule Bergheim","isPartOf":{"@id":"https:\/\/eks-bergheim.de\/#website"},"primaryImageOfPage":{"@id":"https:\/\/eks-bergheim.de\/?page_id=594#primaryimage"},"image":{"@id":"https:\/\/eks-bergheim.de\/?page_id=594#primaryimage"},"thumbnailUrl":"http:\/\/wp10652880.wp159.webpack.hosteurope.de\/wp-content\/uploads\/2011\/12\/Bild1-1024x601.jpg","datePublished":"2011-12-02T10:41:23+00:00","dateModified":"2012-11-23T09:37:42+00:00","breadcrumb":{"@id":"https:\/\/eks-bergheim.de\/?page_id=594#breadcrumb"},"inLanguage":"de","potentialAction":[{"@type":"ReadAction","target":["https:\/\/eks-bergheim.de\/?page_id=594"]}]},{"@type":"ImageObject","inLanguage":"de","@id":"https:\/\/eks-bergheim.de\/?page_id=594#primaryimage","url":"http:\/\/wp10652880.wp159.webpack.hosteurope.de\/wp-content\/uploads\/2011\/12\/Bild1-1024x601.jpg","contentUrl":"http:\/\/wp10652880.wp159.webpack.hosteurope.de\/wp-content\/uploads\/2011\/12\/Bild1-1024x601.jpg"},{"@type":"BreadcrumbList","@id":"https:\/\/eks-bergheim.de\/?page_id=594#breadcrumb","itemListElement":[{"@type":"ListItem","position":1,"name":"Startseite","item":"https:\/\/eks-bergheim.de\/"},{"@type":"ListItem","position":2,"name":"Infos und Termine","item":"http:\/\/eks-bergheim.de\/?page_id=2"},{"@type":"ListItem","position":3,"name":"Infos","item":"http:\/\/eks-bergheim.de\/?page_id=569"},{"@type":"ListItem","position":4,"name":"Unterricht in der EKS"}]},{"@type":"WebSite","@id":"https:\/\/eks-bergheim.de\/#website","url":"https:\/\/eks-bergheim.de\/","name":"Erich K\u00e4stner Schule Bergheim","description":"","potentialAction":[{"@type":"SearchAction","target":{"@type":"EntryPoint","urlTemplate":"https:\/\/eks-bergheim.de\/?s={search_term_string}"},"query-input":{"@type":"PropertyValueSpecification","valueRequired":true,"valueName":"search_term_string"}}],"inLanguage":"de"}]}},"_links":{"self":[{"href":"https:\/\/eks-bergheim.de\/index.php?rest_route=\/wp\/v2\/pages\/594","targetHints":{"allow":["GET"]}}],"collection":[{"href":"https:\/\/eks-bergheim.de\/index.php?rest_route=\/wp\/v2\/pages"}],"about":[{"href":"https:\/\/eks-bergheim.de\/index.php?rest_route=\/wp\/v2\/types\/page"}],"author":[{"embeddable":true,"href":"https:\/\/eks-bergheim.de\/index.php?rest_route=\/wp\/v2\/users\/1"}],"replies":[{"embeddable":true,"href":"https:\/\/eks-bergheim.de\/index.php?rest_route=%2Fwp%2Fv2%2Fcomments&post=594"}],"version-history":[{"count":7,"href":"https:\/\/eks-bergheim.de\/index.php?rest_route=\/wp\/v2\/pages\/594\/revisions"}],"predecessor-version":[{"id":711,"href":"https:\/\/eks-bergheim.de\/index.php?rest_route=\/wp\/v2\/pages\/594\/revisions\/711"}],"up":[{"embeddable":true,"href":"https:\/\/eks-bergheim.de\/index.php?rest_route=\/wp\/v2\/pages\/569"}],"wp:attachment":[{"href":"https:\/\/eks-bergheim.de\/index.php?rest_route=%2Fwp%2Fv2%2Fmedia&parent=594"}],"curies":[{"name":"wp","href":"https:\/\/api.w.org\/{rel}","templated":true}]}}

<p>Seit dem Schuljahr 2005 / 2006 ist die Erich Kästner-Schule eine erweiterte gebundene Ganztagsschule. Das Schulleben wird damit entsprechend von einem <strong>Ganztag</strong> in der Schule bestimmt.</p>
<p>Auch schon vor der Umstellung in eine Ganztagsschule verfolgte unsere Schule das <strong>Zweistufenkonzept</strong>. Es ist sinnvoll, die Arbeitsweise der Lehrer alterspezifischen Besonderheiten der Schüler anzupassen. Die Unterteilung in zwei Stufen gewährleistet darüber hinaus eine kontinuierliche Lehrer-Schülerbeziehung, da ein Schüler über drei Jahre hinweg den gleichen Klassenlehrer hat. Es gibt die Stufen 5/6/7 und 8/9/10. Jeder Lehrer ordnet sich einer Stufe zu. In den Stufenkonferenzen werden vor allem organisatorische Fragen des laufenden Unterrichtsbetriebes geregelt. Jede Stufe wählt einen Stufensprecher, der alle Belange der jeweiligen Stufe organisiert, koordiniert und die Interessen und Anliegen der Stufe in die Stufensprechersitzung einbringt. Die Stufensprechersitzung ist ein erweitertes Gremium der Schulleitung, an der die Schulleitung, die Stufensprecher und die Beauftragten der vier Säulen teilnehmen. Diese finden wöchentlich statt.</p>
<p>Seit dem Schuljahr 2012 / 2013 hat die Schule auf Unterrichtsstunden mit 60 Minuten umgestellt. Die längeren Unterrichtsstunden sollen vor allem Räume für Kooperative Lernformen bieten. Die Unterrichtzeiten sind folgender Tabelle zu entnehmen:</p>
<p><a href="http://wp10652880.wp159.webpack.hosteurope.de/wp-content/uploads/2011/12/Bild1.jpg"><img loading="lazy" decoding="async" class="aligncenter size-large wp-image-1423" title="Bild1" src="http://wp10652880.wp159.webpack.hosteurope.de/wp-content/uploads/2011/12/Bild1-1024x601.jpg" alt="" width="590" height="346" srcset="https://eks-bergheim.de/wp-content/uploads/2011/12/Bild1-1024x601.jpg 1024w, https://eks-bergheim.de/wp-content/uploads/2011/12/Bild1-300x176.jpg 300w, https://eks-bergheim.de/wp-content/uploads/2011/12/Bild1.jpg 1504w" sizes="auto, (max-width: 590px) 100vw, 590px" /></a></p>
<p>&nbsp;</p>
<p>Die veränderte Stundentafel im 60 Minutenunterrichtstakt ist im Folgenden dargestellt:</p>
<p><a href="http://wp10652880.wp159.webpack.hosteurope.de/wp-content/uploads/2011/12/Bild22.jpg"><img loading="lazy" decoding="async" class="aligncenter size-large wp-image-1426" title="Bild2" src="http://wp10652880.wp159.webpack.hosteurope.de/wp-content/uploads/2011/12/Bild22-1024x272.jpg" alt="" width="590" height="156" srcset="https://eks-bergheim.de/wp-content/uploads/2011/12/Bild22-1024x272.jpg 1024w, https://eks-bergheim.de/wp-content/uploads/2011/12/Bild22-300x79.jpg 300w, https://eks-bergheim.de/wp-content/uploads/2011/12/Bild22.jpg 1504w" sizes="auto, (max-width: 590px) 100vw, 590px" /></a></p>

<p>Seit dem Schuljahr 2005 / 2006 ist die Erich Kästner-Schule eine erweiterte gebundene Ganztagsschule. Das Schulleben wird damit entsprechend von einem Ganztag in der Schule bestimmt. Auch schon vor der Umstellung in eine Ganztagsschule verfolgte unsere Schule das Zweistufenkonzept. Es ist sinnvoll, die Arbeitsweise der Lehrer alterspezifischen Besonderheiten der Schüler anzupassen. Die Unterteilung in zwei &hellip; </p>
<p><a class="more-link btn" href="https://eks-bergheim.de/?page_id=594">Weiterlesen</a></p>

<!-- This site is optimized with the Yoast SEO plugin v26.6 - https://yoast.com/wordpress/plugins/seo/ -->
<title>Unterricht in der EKS - Erich Kästner Schule Bergheim</title>
<meta name="robots" content="index, follow, max-snippet:-1, max-image-preview:large, max-video-preview:-1" />
<link rel="canonical" href="https://eks-bergheim.de/?page_id=594" />
<meta property="og:locale" content="de_DE" />
<meta property="og:type" content="article" />
<meta property="og:title" content="Unterricht in der EKS - Erich Kästner Schule Bergheim" />
<meta property="og:description" content="Seit dem Schuljahr 2005 / 2006 ist die Erich Kästner-Schule eine erweiterte gebundene Ganztagsschule. Das Schulleben wird damit entsprechend von einem Ganztag in der Schule bestimmt. Auch schon vor der Umstellung in eine Ganztagsschule verfolgte unsere Schule das Zweistufenkonzept. Es ist sinnvoll, die Arbeitsweise der Lehrer alterspezifischen Besonderheiten der Schüler anzupassen. Die Unterteilung in zwei &hellip; Weiterlesen" />
<meta property="og:url" content="https://eks-bergheim.de/?page_id=594" />
<meta property="og:site_name" content="Erich Kästner Schule Bergheim" />
<meta property="article:modified_time" content="2012-11-23T09:37:42+00:00" />
<meta property="og:image" content="http://wp10652880.wp159.webpack.hosteurope.de/wp-content/uploads/2011/12/Bild1-1024x601.jpg" />
<meta name="twitter:card" content="summary_large_image" />
<meta name="twitter:label1" content="Geschätzte Lesezeit" />
	<meta name="twitter:data1" content="1 Minute" />
<script type="application/ld+json" class="yoast-schema-graph">{"@context":"https://schema.org","@graph":[{"@type":"WebPage","@id":"https://eks-bergheim.de/?page_id=594","url":"https://eks-bergheim.de/?page_id=594","name":"Unterricht in der EKS - Erich Kästner Schule Bergheim","isPartOf":{"@id":"https://eks-bergheim.de/#website"},"primaryImageOfPage":{"@id":"https://eks-bergheim.de/?page_id=594#primaryimage"},"image":{"@id":"https://eks-bergheim.de/?page_id=594#primaryimage"},"thumbnailUrl":"http://wp10652880.wp159.webpack.hosteurope.de/wp-content/uploads/2011/12/Bild1-1024x601.jpg","datePublished":"2011-12-02T10:41:23+00:00","dateModified":"2012-11-23T09:37:42+00:00","breadcrumb":{"@id":"https://eks-bergheim.de/?page_id=594#breadcrumb"},"inLanguage":"de","potentialAction":[{"@type":"ReadAction","target":["https://eks-bergheim.de/?page_id=594"]}]},{"@type":"ImageObject","inLanguage":"de","@id":"https://eks-bergheim.de/?page_id=594#primaryimage","url":"http://wp10652880.wp159.webpack.hosteurope.de/wp-content/uploads/2011/12/Bild1-1024x601.jpg","contentUrl":"http://wp10652880.wp159.webpack.hosteurope.de/wp-content/uploads/2011/12/Bild1-1024x601.jpg"},{"@type":"BreadcrumbList","@id":"https://eks-bergheim.de/?page_id=594#breadcrumb","itemListElement":[{"@type":"ListItem","position":1,"name":"Startseite","item":"https://eks-bergheim.de/"},{"@type":"ListItem","position":2,"name":"Infos und Termine","item":"http://eks-bergheim.de/?page_id=2"},{"@type":"ListItem","position":3,"name":"Infos","item":"http://eks-bergheim.de/?page_id=569"},{"@type":"ListItem","position":4,"name":"Unterricht in der EKS"}]},{"@type":"WebSite","@id":"https://eks-bergheim.de/#website","url":"https://eks-bergheim.de/","name":"Erich Kästner Schule Bergheim","description":"","potentialAction":[{"@type":"SearchAction","target":{"@type":"EntryPoint","urlTemplate":"https://eks-bergheim.de/?s={search_term_string}"},"query-input":{"@type":"PropertyValueSpecification","valueRequired":true,"valueName":"search_term_string"}}],"inLanguage":"de"}]}</script>
<!-- / Yoast SEO plugin. -->

Unterricht in der EKS - Erich Kästner Schule Bergheim

Seit dem Schuljahr 2005 / 2006 ist die Erich Kästner-Schule eine erweiterte gebundene Ganztagsschule. Das Schulleben wird damit entsprechend von einem Ganztag in der Schule bestimmt. Auch schon vor der Umstellung in eine Ganztagsschule verfolgte unsere Schule das Zweistufenkonzept. Es ist sinnvoll, die Arbeitsweise der Lehrer alterspezifischen Besonderheiten der Schüler anzupassen. Die Unterteilung in zwei &hellip; Weiterlesen

Erich Kästner Schule Bergheim
