{"id":626,"date":"2011-12-02T11:01:24","date_gmt":"2011-12-02T11:01:24","guid":{"rendered":"http:\/\/wp10652880.wp159.webpack.hosteurope.de\/?page_id=626"},"modified":"2016-02-10T11:17:21","modified_gmt":"2016-02-10T11:17:21","slug":"schulsozialarbeit","status":"publish","type":"page","link":"https:\/\/eks-bergheim.de\/?page_id=626","title":{"rendered":"Schulsozialarbeit"},"content":{"rendered":"<p>In einer Ganztagsschule, in der viele Sch\u00fcler in einem problematisch sozialen Wohngebiet leben, ist die <strong>Schulsozialarbeit<\/strong> eine ganz wichtige Einrichtung. Entsprechend komplex gestaltet sich das Aufgabenfeld der Schulsozialarbeit.<\/p>\n<p>Ein wichtiges Aufgabenfeld der Schulsozialarbeit bildet die <strong>Schulabsenz<\/strong>. Gem\u00e4\u00df dem schuleigenen Schulabsenzkonzeptes werden unsere Schulsozialarbeiterinnen ab der zweiten Mahnung t\u00e4tig . Dabei machen sie Kontrollg\u00e4nge, benachrichtigen Eltern, laden zu Sch\u00fcler- und\/oder Elterngespr\u00e4chen, veranlassen \u00fcber den Klassenlehrer und die Schulleitung die Beantragung der polizeilichen Zuf\u00fchrungen beim Ordnungsamt und melden entsprechend die Schulabsenten beim Kreisschulamt bzw. beim ASD der Stadt.<\/p>\n<p>Auch im Bereich der <strong>Kindeswohlgef\u00e4hrdung<\/strong> sind die Schulsozialarbeiterinnen f\u00fcr unsere Lehrer die Ansprechpartnerinnen. Bei Verdacht auf Kindeswohlgef\u00e4hrdung nehmen sie Kontakt mit den Kindern auf, stellen den Kontakt zu den Eltern her und beobachten in Zusammenarbeit mit den Klassenlehrern die Kinder. Bei einer Verh\u00e4rtung des Verdachts wird mit Abstimmung der Schulleitung eine Meldung beim ASD der Stadt gemacht. Alle Kommunikationswege sind festgelegt und wurden in Gespr\u00e4chen mit der Abteilungsleitung des ASD vereinbart.<\/p>\n<p>Ein gro\u00dfes Arbeitsfeld bildet die <strong>Einzelarbeit mit Sch\u00fclern<\/strong>. Gerade Sch\u00fcler unserer Schule, die z. T. in einem schwierigen sozialen Umfeld aufwachsen, brauchen vielf\u00e4ltige Hilfen und greifen gerne auf das Unterst\u00fctzungsangebot der Schulsozialarbeit zur\u00fcck. Es wird jedoch auch institutionelle Einzelarbeit mit Sch\u00fclern veranlasst. So sind sie im Trainingsraum-konzept der Schule eingebunden und f\u00fchren in diesem Zusammenhang auch die entsprechenden Beratungsgespr\u00e4che.<\/p>\n<p>Dar\u00fcber hinaus nehmen die Schulsozialarbeiterinnen entsprechend ihrer Stufenzust\u00e4ndigkeit an allen Konferenzen zu Ordnungsma\u00dfnahmen teil, da diese oft von unterst\u00fctzenden Ma\u00dfnahmen der Schulsozialarbeit flankiert werden. Entsprechend nimmt die Schulsozialarbeiterin an jeder F\u00f6rder- und Erprobungsstufenkonferenz teil. Jede Einzelarbeit mit Sch\u00fclern wird schriftlich dokumentiert.<\/p>\n<p>Neben der Arbeit mit Sch\u00fclern spielt nat\u00fcrlich auch die <strong>Elternarbeit <\/strong>eine gro\u00dfe Rolle f\u00fcr die Schulsozialarbeit. Wie bereits oben beschrieben, werden Eltern telefonisch kontaktiert oder zu Gespr\u00e4chen eingeladen. Ein aktives Moment der Elternarbeit bildet auch das M\u00fcttercaf\u00e9, das u.a. von den Schulsozialarbeiterinnen mitorganisiert wird.<\/p>\n<p>Die Hauptaufgabe der Schulsozialarbeit bildet die fachkompetente <strong>Beratung<\/strong>. Dazu geh\u00f6rt<\/p>\n<p>die professionelle Gespr\u00e4chsf\u00fchrung bei Beratungsgespr\u00e4chen. Des Weiteren soll gegebenenfalls eine fachkompetente Vermittlung an andere Institutionen erfolgen, wobei unsere Schule Wert auf eine enge und vertrauliche Zusammenarbeit mit den verschiedenen Institutionen legt. Dabei spielt die Schulsozialarbeit nicht nur eine vermittelnde Rolle, sondern begleitet in Einzelf\u00e4llen Sch\u00fcler und\/oder Eltern zu den jeweiligen Institutionen.<\/p>\n<p>Ein weiteres Arbeitsfeld bildet die <strong>Netzwerkarbeit<\/strong>. Unsere Schulsozialarbeiterinnen nehmen u.a. am Netzwerk \u201eGegen Gewalt\u201c der Stadt Bergheim teil und sind Gastgeberinnen des Distriktteam-Treffens an unserer Schule, an der Mitarbeiter vom IBZ, ASD, Schul-Jugend-Beratung, der Regionalen Schulberatung und ein Schulleitungsmitglied zur anonymisierten Fallbesprechung teilnehmen.<\/p>\n<p>Auch im <strong>\u00dcbergang Schule-Beruf<\/strong> kommt der Sozialarbeit eine unterst\u00fctzende Rolle zu. Unsere Schulsozialarbeiterin hilft einzelnen Sch\u00fclern ad\u00e4quate Praktikumsstellen zu finden, hilft Sch\u00fclern beim Erstellen von Bewerbungen, vermittelt in berufsvorbereitende Ma\u00dfnahmen und arbeitet eng mit dem Berufswahlkoordinator zusammen. Dabei unterst\u00fctzt sie Projekte wie z.B. das Berufswahlorientierungscamp, den Potentialcheck oder die Talke-Junior-Akademie.<\/p>\n","protected":false},"excerpt":{"rendered":"<p>In einer Ganztagsschule, in der viele Sch\u00fcler in einem problematisch sozialen Wohngebiet leben, ist die Schulsozialarbeit eine ganz wichtige Einrichtung. Entsprechend komplex gestaltet sich das Aufgabenfeld der Schulsozialarbeit. Ein wichtiges Aufgabenfeld der Schulsozialarbeit bildet die Schulabsenz. Gem\u00e4\u00df dem schuleigenen Schulabsenzkonzeptes werden unsere Schulsozialarbeiterinnen ab der zweiten Mahnung t\u00e4tig . Dabei machen sie Kontrollg\u00e4nge, benachrichtigen Eltern, &hellip; <\/p>\n<p><a class=\"more-link btn\" href=\"https:\/\/eks-bergheim.de\/?page_id=626\">Weiterlesen<\/a><\/p>\n","protected":false},"author":1,"featured_media":0,"parent":569,"menu_order":8,"comment_status":"open","ping_status":"open","template":"template-onecolumn.php","meta":{"footnotes":""},"class_list":["post-626","page","type-page","status-publish","hentry","nodate","item-wrap"],"yoast_head":"<!-- This site is optimized with the Yoast SEO plugin v26.6 - https:\/\/yoast.com\/wordpress\/plugins\/seo\/ -->\n<title>Schulsozialarbeit - Erich K\u00e4stner Schule Bergheim<\/title>\n<meta name=\"robots\" content=\"index, follow, max-snippet:-1, max-image-preview:large, max-video-preview:-1\" \/>\n<link rel=\"canonical\" href=\"http:\/\/eks-bergheim.de\/?page_id=626\" \/>\n<meta property=\"og:locale\" content=\"de_DE\" \/>\n<meta property=\"og:type\" content=\"article\" \/>\n<meta property=\"og:title\" content=\"Schulsozialarbeit - Erich K\u00e4stner Schule Bergheim\" \/>\n<meta property=\"og:description\" content=\"In einer Ganztagsschule, in der viele Sch\u00fcler in einem problematisch sozialen Wohngebiet leben, ist die Schulsozialarbeit eine ganz wichtige Einrichtung. Entsprechend komplex gestaltet sich das Aufgabenfeld der Schulsozialarbeit. Ein wichtiges Aufgabenfeld der Schulsozialarbeit bildet die Schulabsenz. Gem\u00e4\u00df dem schuleigenen Schulabsenzkonzeptes werden unsere Schulsozialarbeiterinnen ab der zweiten Mahnung t\u00e4tig . Dabei machen sie Kontrollg\u00e4nge, benachrichtigen Eltern, &hellip; Weiterlesen\" \/>\n<meta property=\"og:url\" content=\"http:\/\/eks-bergheim.de\/?page_id=626\" \/>\n<meta property=\"og:site_name\" content=\"Erich K\u00e4stner Schule Bergheim\" \/>\n<meta property=\"article:modified_time\" content=\"2016-02-10T11:17:21+00:00\" \/>\n<meta name=\"twitter:card\" content=\"summary_large_image\" \/>\n<meta name=\"twitter:label1\" content=\"Gesch\u00e4tzte Lesezeit\" \/>\n\t<meta name=\"twitter:data1\" content=\"3\u00a0Minuten\" \/>\n<script type=\"application\/ld+json\" class=\"yoast-schema-graph\">{\"@context\":\"https:\/\/schema.org\",\"@graph\":[{\"@type\":\"WebPage\",\"@id\":\"http:\/\/eks-bergheim.de\/?page_id=626\",\"url\":\"http:\/\/eks-bergheim.de\/?page_id=626\",\"name\":\"Schulsozialarbeit - Erich K\u00e4stner Schule Bergheim\",\"isPartOf\":{\"@id\":\"https:\/\/eks-bergheim.de\/#website\"},\"datePublished\":\"2011-12-02T11:01:24+00:00\",\"dateModified\":\"2016-02-10T11:17:21+00:00\",\"breadcrumb\":{\"@id\":\"http:\/\/eks-bergheim.de\/?page_id=626#breadcrumb\"},\"inLanguage\":\"de\",\"potentialAction\":[{\"@type\":\"ReadAction\",\"target\":[\"http:\/\/eks-bergheim.de\/?page_id=626\"]}]},{\"@type\":\"BreadcrumbList\",\"@id\":\"http:\/\/eks-bergheim.de\/?page_id=626#breadcrumb\",\"itemListElement\":[{\"@type\":\"ListItem\",\"position\":1,\"name\":\"Startseite\",\"item\":\"https:\/\/eks-bergheim.de\/\"},{\"@type\":\"ListItem\",\"position\":2,\"name\":\"Infos und Termine\",\"item\":\"http:\/\/eks-bergheim.de\/?page_id=2\"},{\"@type\":\"ListItem\",\"position\":3,\"name\":\"Infos\",\"item\":\"http:\/\/eks-bergheim.de\/?page_id=569\"},{\"@type\":\"ListItem\",\"position\":4,\"name\":\"Schulsozialarbeit\"}]},{\"@type\":\"WebSite\",\"@id\":\"https:\/\/eks-bergheim.de\/#website\",\"url\":\"https:\/\/eks-bergheim.de\/\",\"name\":\"Erich K\u00e4stner Schule Bergheim\",\"description\":\"\",\"potentialAction\":[{\"@type\":\"SearchAction\",\"target\":{\"@type\":\"EntryPoint\",\"urlTemplate\":\"https:\/\/eks-bergheim.de\/?s={search_term_string}\"},\"query-input\":{\"@type\":\"PropertyValueSpecification\",\"valueRequired\":true,\"valueName\":\"search_term_string\"}}],\"inLanguage\":\"de\"}]}<\/script>\n<!-- \/ Yoast SEO plugin. -->","yoast_head_json":{"title":"Schulsozialarbeit - Erich K\u00e4stner Schule Bergheim","robots":{"index":"index","follow":"follow","max-snippet":"max-snippet:-1","max-image-preview":"max-image-preview:large","max-video-preview":"max-video-preview:-1"},"canonical":"http:\/\/eks-bergheim.de\/?page_id=626","og_locale":"de_DE","og_type":"article","og_title":"Schulsozialarbeit - Erich K\u00e4stner Schule Bergheim","og_description":"In einer Ganztagsschule, in der viele Sch\u00fcler in einem problematisch sozialen Wohngebiet leben, ist die Schulsozialarbeit eine ganz wichtige Einrichtung. Entsprechend komplex gestaltet sich das Aufgabenfeld der Schulsozialarbeit. Ein wichtiges Aufgabenfeld der Schulsozialarbeit bildet die Schulabsenz. Gem\u00e4\u00df dem schuleigenen Schulabsenzkonzeptes werden unsere Schulsozialarbeiterinnen ab der zweiten Mahnung t\u00e4tig . Dabei machen sie Kontrollg\u00e4nge, benachrichtigen Eltern, &hellip; Weiterlesen","og_url":"http:\/\/eks-bergheim.de\/?page_id=626","og_site_name":"Erich K\u00e4stner Schule Bergheim","article_modified_time":"2016-02-10T11:17:21+00:00","twitter_card":"summary_large_image","twitter_misc":{"Gesch\u00e4tzte Lesezeit":"3\u00a0Minuten"},"schema":{"@context":"https:\/\/schema.org","@graph":[{"@type":"WebPage","@id":"http:\/\/eks-bergheim.de\/?page_id=626","url":"http:\/\/eks-bergheim.de\/?page_id=626","name":"Schulsozialarbeit - Erich K\u00e4stner Schule Bergheim","isPartOf":{"@id":"https:\/\/eks-bergheim.de\/#website"},"datePublished":"2011-12-02T11:01:24+00:00","dateModified":"2016-02-10T11:17:21+00:00","breadcrumb":{"@id":"http:\/\/eks-bergheim.de\/?page_id=626#breadcrumb"},"inLanguage":"de","potentialAction":[{"@type":"ReadAction","target":["http:\/\/eks-bergheim.de\/?page_id=626"]}]},{"@type":"BreadcrumbList","@id":"http:\/\/eks-bergheim.de\/?page_id=626#breadcrumb","itemListElement":[{"@type":"ListItem","position":1,"name":"Startseite","item":"https:\/\/eks-bergheim.de\/"},{"@type":"ListItem","position":2,"name":"Infos und Termine","item":"http:\/\/eks-bergheim.de\/?page_id=2"},{"@type":"ListItem","position":3,"name":"Infos","item":"http:\/\/eks-bergheim.de\/?page_id=569"},{"@type":"ListItem","position":4,"name":"Schulsozialarbeit"}]},{"@type":"WebSite","@id":"https:\/\/eks-bergheim.de\/#website","url":"https:\/\/eks-bergheim.de\/","name":"Erich K\u00e4stner Schule Bergheim","description":"","potentialAction":[{"@type":"SearchAction","target":{"@type":"EntryPoint","urlTemplate":"https:\/\/eks-bergheim.de\/?s={search_term_string}"},"query-input":{"@type":"PropertyValueSpecification","valueRequired":true,"valueName":"search_term_string"}}],"inLanguage":"de"}]}},"_links":{"self":[{"href":"https:\/\/eks-bergheim.de\/index.php?rest_route=\/wp\/v2\/pages\/626","targetHints":{"allow":["GET"]}}],"collection":[{"href":"https:\/\/eks-bergheim.de\/index.php?rest_route=\/wp\/v2\/pages"}],"about":[{"href":"https:\/\/eks-bergheim.de\/index.php?rest_route=\/wp\/v2\/types\/page"}],"author":[{"embeddable":true,"href":"https:\/\/eks-bergheim.de\/index.php?rest_route=\/wp\/v2\/users\/1"}],"replies":[{"embeddable":true,"href":"https:\/\/eks-bergheim.de\/index.php?rest_route=%2Fwp%2Fv2%2Fcomments&post=626"}],"version-history":[{"count":3,"href":"https:\/\/eks-bergheim.de\/index.php?rest_route=\/wp\/v2\/pages\/626\/revisions"}],"predecessor-version":[{"id":4329,"href":"https:\/\/eks-bergheim.de\/index.php?rest_route=\/wp\/v2\/pages\/626\/revisions\/4329"}],"up":[{"embeddable":true,"href":"https:\/\/eks-bergheim.de\/index.php?rest_route=\/wp\/v2\/pages\/569"}],"wp:attachment":[{"href":"https:\/\/eks-bergheim.de\/index.php?rest_route=%2Fwp%2Fv2%2Fmedia&parent=626"}],"curies":[{"name":"wp","href":"https:\/\/api.w.org\/{rel}","templated":true}]}}