{"id":628,"date":"2011-12-02T11:06:04","date_gmt":"2011-12-02T11:06:04","guid":{"rendered":"http:\/\/wp10652880.wp159.webpack.hosteurope.de\/?page_id=628"},"modified":"2022-09-21T10:11:54","modified_gmt":"2022-09-21T10:11:54","slug":"erziehungskonzept","status":"publish","type":"page","link":"https:\/\/eks-bergheim.de\/?page_id=628","title":{"rendered":"Erziehungskonzept"},"content":{"rendered":"<p>Auch an einer Hauptschule soll man gut lernen und arbeiten k\u00f6nnen. Um die Rahmenbedingungen f\u00fcr ein erfolgreiches Arbeiten zu schaffen, sind klare Regeln n\u00f6tig, die einerseits den Sch\u00fclern st\u00f6rungsfreien Unterricht erm\u00f6glichen und w\u00e4hrend des gesamten Schultages ein Gef\u00fchl der Sicherheit vermitteln, andererseits auch dem Kollegium bei Regelverst\u00f6\u00dfen Handlungssicherheit bieten. Wir setzen zu diesem Zweck das RAD Erziehungskonzept ein. RAD steht f\u00fcr Respekt, Aufmerksamkeit und Disziplin. Dieses Konzept bezieht sich auf mehrere Aspekte des Schullebens.<\/p>\n<p>Die Sicherheit unserer Sch\u00fcler und des Kollegiums steht f\u00fcr uns an erster Stelle. Wir sind eine <strong>gewaltfreie Schule <\/strong>und jede(r) hat das Recht, bei uns sorgenfrei lernen und arbeiten zu k\u00f6nnen. Sch\u00fcler, die k\u00f6rperliche Gewalt anwenden, werden sofort mit einem <em>Anti-Gewalt-Brief<\/em> nach Hause geschickt und d\u00fcrfen erst wieder am Unterricht teilnehmen, wenn sie am n\u00e4chsten Schultag in Begleitung ihrer Eltern ein Gespr\u00e4ch mit der Schulleitung gef\u00fchrt haben, in dem sie ihr Fehlverhalten reflektieren.<\/p>\n<p>Ein harmonisches Miteinander vieler Nationen und Kulturen funktioniert nur, wenn alle einen h\u00f6flichen, wertsch\u00e4tzenden und <strong>respektvollen Umgang<\/strong> miteinander pflegen. Darauf bestehen wir. Wer Mitsch\u00fcler massiv beleidigt, dem\u00fctigt oder Lehreranweisungen nicht befolgt,\u00a0 erh\u00e4lt einen<em> Respektbrief <\/em>nach Hause. Dieser Brief schildert nicht nur den Sachverhalt, sondern sieht auch ein telefonisches Gespr\u00e4ch der Eltern mit dem Klassenlehrer vor.<\/p>\n<p>Das Recht auf <strong>st\u00f6rungsfreien Unterricht<\/strong> stellt einen weiteren Aspekt unseres RAD-Konzeptes dar. Sch\u00fcler, die den Unterricht nachhaltig st\u00f6ren, werden nach einer Ermahnung mit einem R\u00fcckkehrplan in den Trainingsraum geschickt. Dort reflektieren sie ihr Verhalten und f\u00fcllen den R\u00fcckkehrplan aus. Der Sch\u00fcler darf erst dann wieder am Unterricht teilnehmen, wenn die Lehrkraft den R\u00fcckkehrplan akzeptiert hat. Wiederholte Aufenthalte im Trainingsraum f\u00fchren automatisch zu weitergehenden Disziplinarma\u00dfnahmen bis hin zur Teilkonferenz. Schwerwiegende oder anhaltende Verst\u00f6\u00dfe gegen Schulregeln k\u00f6nnen auch mit einem Eintrag in die Rote Mappe geahndet werden. Drei Eintr\u00e4ge in die Rote Mappe f\u00fchren automatisch zu einer Konferenz mit Schulleitung, Klassenlehrer, den Eltern des beteiligten Kindes und dem Kind selber.<\/p>\n<p>Zu dem Aspekt Disziplin geh\u00f6ren auch <strong>regelm\u00e4\u00dfiger Schulbesuch<\/strong> und die Pflege des Lernraumes. Das mehrmalige unentschuldigte Fehlen eines Sch\u00fclers resultiert in einer schriftlichen Mahnung an die Eltern. Wenn\u00a0 sich der Schulbesuch nicht verbessert, gibt es eine zweite Mahnung und damit einhergehend eine Nachricht an das zust\u00e4ndige Ordnungsamt. Au\u00dferdem werden die Schulsozialarbeiter t\u00e4tig. Sie f\u00fchren Kontrollg\u00e4nge durch, vereinbaren Gespr\u00e4chstermine mit den Eltern und beantragen gegebenenfalls eine polizeiliche Zuf\u00fchrung durch das Ordnungsamt.<\/p>\n<p>Wir sind eine <strong>saubere Schule<\/strong> und wollen eine Umgebung bieten, in der jeder gut\u00a0 lernen und arbeiten kann. Jede Klasse richtet einen Ordnungsdienst ein, der sich t\u00e4glich darum k\u00fcmmert, dass der Klassenraum in einem ansprechenden Zustand verlassen wird. Dar\u00fcber hinaus hat derzeit jede unserer Klassen zweimal pro Schuljahr f\u00fcr eine Woche Hofdienst.<\/p>\n","protected":false},"excerpt":{"rendered":"<p>Auch an einer Hauptschule soll man gut lernen und arbeiten k\u00f6nnen. Um die Rahmenbedingungen f\u00fcr ein erfolgreiches Arbeiten zu schaffen, sind klare Regeln n\u00f6tig, die einerseits den Sch\u00fclern st\u00f6rungsfreien Unterricht erm\u00f6glichen und w\u00e4hrend des gesamten Schultages ein Gef\u00fchl der Sicherheit vermitteln, andererseits auch dem Kollegium bei Regelverst\u00f6\u00dfen Handlungssicherheit bieten. Wir setzen zu diesem Zweck das &hellip; <\/p>\n<p><a class=\"more-link btn\" href=\"https:\/\/eks-bergheim.de\/?page_id=628\">Weiterlesen<\/a><\/p>\n","protected":false},"author":1,"featured_media":0,"parent":53,"menu_order":5,"comment_status":"open","ping_status":"open","template":"template-onecolumn.php","meta":{"footnotes":""},"class_list":["post-628","page","type-page","status-publish","hentry","nodate","item-wrap"],"yoast_head":"<!-- This site is optimized with the Yoast SEO plugin v26.6 - https:\/\/yoast.com\/wordpress\/plugins\/seo\/ -->\n<title>Erziehungskonzept - Erich K\u00e4stner Schule Bergheim<\/title>\n<meta name=\"robots\" content=\"index, follow, max-snippet:-1, max-image-preview:large, max-video-preview:-1\" \/>\n<link rel=\"canonical\" href=\"http:\/\/eks-bergheim.de\/?page_id=628\" \/>\n<meta property=\"og:locale\" content=\"de_DE\" \/>\n<meta property=\"og:type\" content=\"article\" \/>\n<meta property=\"og:title\" content=\"Erziehungskonzept - Erich K\u00e4stner Schule Bergheim\" \/>\n<meta property=\"og:description\" content=\"Auch an einer Hauptschule soll man gut lernen und arbeiten k\u00f6nnen. Um die Rahmenbedingungen f\u00fcr ein erfolgreiches Arbeiten zu schaffen, sind klare Regeln n\u00f6tig, die einerseits den Sch\u00fclern st\u00f6rungsfreien Unterricht erm\u00f6glichen und w\u00e4hrend des gesamten Schultages ein Gef\u00fchl der Sicherheit vermitteln, andererseits auch dem Kollegium bei Regelverst\u00f6\u00dfen Handlungssicherheit bieten. Wir setzen zu diesem Zweck das &hellip; Weiterlesen\" \/>\n<meta property=\"og:url\" content=\"http:\/\/eks-bergheim.de\/?page_id=628\" \/>\n<meta property=\"og:site_name\" content=\"Erich K\u00e4stner Schule Bergheim\" \/>\n<meta property=\"article:modified_time\" content=\"2022-09-21T10:11:54+00:00\" \/>\n<meta name=\"twitter:card\" content=\"summary_large_image\" \/>\n<meta name=\"twitter:label1\" content=\"Gesch\u00e4tzte Lesezeit\" \/>\n\t<meta name=\"twitter:data1\" content=\"3\u00a0Minuten\" \/>\n<script type=\"application\/ld+json\" class=\"yoast-schema-graph\">{\"@context\":\"https:\/\/schema.org\",\"@graph\":[{\"@type\":\"WebPage\",\"@id\":\"http:\/\/eks-bergheim.de\/?page_id=628\",\"url\":\"http:\/\/eks-bergheim.de\/?page_id=628\",\"name\":\"Erziehungskonzept - Erich K\u00e4stner Schule Bergheim\",\"isPartOf\":{\"@id\":\"http:\/\/eks-bergheim.de\/#website\"},\"datePublished\":\"2011-12-02T11:06:04+00:00\",\"dateModified\":\"2022-09-21T10:11:54+00:00\",\"breadcrumb\":{\"@id\":\"http:\/\/eks-bergheim.de\/?page_id=628#breadcrumb\"},\"inLanguage\":\"de\",\"potentialAction\":[{\"@type\":\"ReadAction\",\"target\":[\"http:\/\/eks-bergheim.de\/?page_id=628\"]}]},{\"@type\":\"BreadcrumbList\",\"@id\":\"http:\/\/eks-bergheim.de\/?page_id=628#breadcrumb\",\"itemListElement\":[{\"@type\":\"ListItem\",\"position\":1,\"name\":\"Startseite\",\"item\":\"http:\/\/eks-bergheim.de\/\"},{\"@type\":\"ListItem\",\"position\":2,\"name\":\"Schule mit Programm\",\"item\":\"http:\/\/eks-bergheim.de\/?page_id=53\"},{\"@type\":\"ListItem\",\"position\":3,\"name\":\"Erziehungskonzept\"}]},{\"@type\":\"WebSite\",\"@id\":\"http:\/\/eks-bergheim.de\/#website\",\"url\":\"http:\/\/eks-bergheim.de\/\",\"name\":\"Erich K\u00e4stner Schule Bergheim\",\"description\":\"\",\"potentialAction\":[{\"@type\":\"SearchAction\",\"target\":{\"@type\":\"EntryPoint\",\"urlTemplate\":\"http:\/\/eks-bergheim.de\/?s={search_term_string}\"},\"query-input\":{\"@type\":\"PropertyValueSpecification\",\"valueRequired\":true,\"valueName\":\"search_term_string\"}}],\"inLanguage\":\"de\"}]}<\/script>\n<!-- \/ Yoast SEO plugin. -->","yoast_head_json":{"title":"Erziehungskonzept - Erich K\u00e4stner Schule Bergheim","robots":{"index":"index","follow":"follow","max-snippet":"max-snippet:-1","max-image-preview":"max-image-preview:large","max-video-preview":"max-video-preview:-1"},"canonical":"http:\/\/eks-bergheim.de\/?page_id=628","og_locale":"de_DE","og_type":"article","og_title":"Erziehungskonzept - Erich K\u00e4stner Schule Bergheim","og_description":"Auch an einer Hauptschule soll man gut lernen und arbeiten k\u00f6nnen. Um die Rahmenbedingungen f\u00fcr ein erfolgreiches Arbeiten zu schaffen, sind klare Regeln n\u00f6tig, die einerseits den Sch\u00fclern st\u00f6rungsfreien Unterricht erm\u00f6glichen und w\u00e4hrend des gesamten Schultages ein Gef\u00fchl der Sicherheit vermitteln, andererseits auch dem Kollegium bei Regelverst\u00f6\u00dfen Handlungssicherheit bieten. Wir setzen zu diesem Zweck das &hellip; Weiterlesen","og_url":"http:\/\/eks-bergheim.de\/?page_id=628","og_site_name":"Erich K\u00e4stner Schule Bergheim","article_modified_time":"2022-09-21T10:11:54+00:00","twitter_card":"summary_large_image","twitter_misc":{"Gesch\u00e4tzte Lesezeit":"3\u00a0Minuten"},"schema":{"@context":"https:\/\/schema.org","@graph":[{"@type":"WebPage","@id":"http:\/\/eks-bergheim.de\/?page_id=628","url":"http:\/\/eks-bergheim.de\/?page_id=628","name":"Erziehungskonzept - Erich K\u00e4stner Schule Bergheim","isPartOf":{"@id":"http:\/\/eks-bergheim.de\/#website"},"datePublished":"2011-12-02T11:06:04+00:00","dateModified":"2022-09-21T10:11:54+00:00","breadcrumb":{"@id":"http:\/\/eks-bergheim.de\/?page_id=628#breadcrumb"},"inLanguage":"de","potentialAction":[{"@type":"ReadAction","target":["http:\/\/eks-bergheim.de\/?page_id=628"]}]},{"@type":"BreadcrumbList","@id":"http:\/\/eks-bergheim.de\/?page_id=628#breadcrumb","itemListElement":[{"@type":"ListItem","position":1,"name":"Startseite","item":"http:\/\/eks-bergheim.de\/"},{"@type":"ListItem","position":2,"name":"Schule mit Programm","item":"http:\/\/eks-bergheim.de\/?page_id=53"},{"@type":"ListItem","position":3,"name":"Erziehungskonzept"}]},{"@type":"WebSite","@id":"http:\/\/eks-bergheim.de\/#website","url":"http:\/\/eks-bergheim.de\/","name":"Erich K\u00e4stner Schule Bergheim","description":"","potentialAction":[{"@type":"SearchAction","target":{"@type":"EntryPoint","urlTemplate":"http:\/\/eks-bergheim.de\/?s={search_term_string}"},"query-input":{"@type":"PropertyValueSpecification","valueRequired":true,"valueName":"search_term_string"}}],"inLanguage":"de"}]}},"_links":{"self":[{"href":"https:\/\/eks-bergheim.de\/index.php?rest_route=\/wp\/v2\/pages\/628","targetHints":{"allow":["GET"]}}],"collection":[{"href":"https:\/\/eks-bergheim.de\/index.php?rest_route=\/wp\/v2\/pages"}],"about":[{"href":"https:\/\/eks-bergheim.de\/index.php?rest_route=\/wp\/v2\/types\/page"}],"author":[{"embeddable":true,"href":"https:\/\/eks-bergheim.de\/index.php?rest_route=\/wp\/v2\/users\/1"}],"replies":[{"embeddable":true,"href":"https:\/\/eks-bergheim.de\/index.php?rest_route=%2Fwp%2Fv2%2Fcomments&post=628"}],"version-history":[{"count":5,"href":"https:\/\/eks-bergheim.de\/index.php?rest_route=\/wp\/v2\/pages\/628\/revisions"}],"predecessor-version":[{"id":8803,"href":"https:\/\/eks-bergheim.de\/index.php?rest_route=\/wp\/v2\/pages\/628\/revisions\/8803"}],"up":[{"embeddable":true,"href":"https:\/\/eks-bergheim.de\/index.php?rest_route=\/wp\/v2\/pages\/53"}],"wp:attachment":[{"href":"https:\/\/eks-bergheim.de\/index.php?rest_route=%2Fwp%2Fv2%2Fmedia&parent=628"}],"curies":[{"name":"wp","href":"https:\/\/api.w.org\/{rel}","templated":true}]}}